 are the prime factors of 326136?
2, 3, 107, 127
What are the prime factors of 1128460?
2, 5, 17, 3319
List the prime factors of 4396156.
2, 317, 3467
What are the prime factors of 634115?
5, 126823
What are the prime factors of 149115?
3, 5, 9941
What are the prime factors of 2030842?
2, 11, 92311
List the prime factors of 9975248.
2, 59, 10567
List the prime factors of 88134.
2, 3, 37, 397
What are the prime factors of 4177656?
2, 3, 7, 307
What are the prime factors of 1716484?
2, 7, 11, 5573
List the prime factors of 1086645.
3, 5, 7, 79, 131
List the prime factors of 422077.
422077
List the prime factors of 700063.
7, 13, 157
What are the prime factors of 174431?
174431
List the prime factors of 5164689.
3, 47, 36629
What are the prime factors of 4779970?
2, 5, 13, 83, 443
What are the prime factors of 1011014?
2, 61, 8287
What are the prime factors of 4125?
3, 5, 11
List the prime factors of 175210.
2, 5, 7, 2503
List the prime factors of 274756.
2, 149, 461
List the prime factors of 11066819.
11066819
List the prime factors of 331849.
7, 47407
What are the prime factors of 1226?
2, 613
List the prime factors of 25619.
11, 17, 137
What are the prime factors of 5300013?
3, 1201, 1471
What are the prime factors of 1869495?
3, 5, 124633
List the prime factors of 476057.
587, 811
List the prime factors of 12985185.
3, 5, 29, 29851
List the prime factors of 4225363.
37, 114199
List the prime factors of 13781649.
3, 7, 37, 17737
What are the prime factors of 6417727?
2029, 3163
What are the prime factors of 243619?
179, 1361
List the prime factors of 474371.
47, 10093
What are the prime factors of 32530544?
2, 2033159
List the prime factors of 188346.
2, 3, 31391
List the prime factors of 555033.
3, 17, 10883
What are the prime factors of 443095?
5, 23, 3853
List the prime factors of 360282.
2, 3, 13, 31, 149
List the prime factors of 8456137.
67, 126211
What are the prime factors of 3098039?
7, 442577
What are the prime factors of 25162322?
2, 23, 547007
List the prime factors of 742416.
2, 3, 15467
List the prime factors of 182145.
3, 5, 12143
List the prime factors of 346025.
5, 13841
What are the prime factors of 17179876?
2, 7, 19, 43, 751
What are the prime factors of 1238335?
5, 7, 35381
What are the prime factors of 542064?
2, 3, 23, 491
What are the prime factors of 837881?
11, 19, 211
What are the prime factors of 3143502?
2, 3, 23, 2531
What are the prime factors of 18400740?
2, 3, 5, 19, 16141
What are the prime factors of 5307018?
2, 3, 347, 2549
What are the prime factors of 5145302?
2, 2572651
List the prime factors of 297627.
3, 11, 29, 311
List the prime factors of 1748241.
3, 11, 17659
List the prime factors of 5751395.
5, 13, 19, 4657
List the prime factors of 176759.
11, 16069
List the prime factors of 20092088.
2, 53, 47387
What are the prime factors of 4044370?
2, 5, 11, 36767
List the prime factors of 5331418.
2, 29, 91921
What are the prime factors of 78860?
2, 5, 3943
What are the prime factors of 6642237?
3, 7, 316297
What are the prime factors of 1374925?
5, 43, 1279
What are the prime factors of 1405807?
13, 108139
What are the prime factors of 23552614?
2, 41, 349, 823
List the prime factors of 271331.
23, 47, 251
List the prime factors of 11505554.
2, 1033, 5569
What are the prime factors of 2574481?
7, 13, 19, 1489
List the prime factors of 8014417.
2819, 2843
List the prime factors of 328970.
2, 5, 67, 491
List the prime factors of 5117846.
2, 127, 20149
What are the prime factors of 2490510?
2, 3, 5, 11, 7547
What are the prime factors of 10748102?
2, 941, 5711
List the prime factors of 2568739.
2568739
List the prime factors of 470154.
2, 3, 127, 617
What are the prime factors of 59458?
2, 7, 31, 137
What are the prime factors of 7826366?
2, 19, 205957
What are the prime factors of 5671?
53, 107
What are the prime factors of 754209?
3, 47, 1783
List the prime factors of 1702464.
2, 3, 8867
List the prime factors of 106382.
2, 43, 1237
List the prime factors of 3234240.
2, 3, 5, 1123
What are the prime factors of 2853799?
13, 219523
List the prime factors of 13606526.
2, 127, 53569
List the prime factors of 505342.
2, 17, 89, 167
What are the prime factors of 2009855?
5, 23, 17477
List the prime factors of 140970.
2, 3, 5, 37, 127
What are the prime factors of 454399?
11, 101, 409
List the prime factors of 310433.
310433
List the prime factors of 7262770.
2, 5, 73, 9949
List the prime factors of 887124.
2, 3, 7, 59, 179
What are the prime factors of 2448479?
11, 41, 61, 89
What are the prime factors of 2843465?
5, 691, 823
List the prime factors of 5106619.
7, 479, 1523
List the prime factors of 282183.
3, 11, 17, 503
What are the prime factors of 7313636?
2, 11, 166219
What are the prime factors of 1225511?
7, 29, 6037
What are the prime factors of 4350372?
2, 3, 13, 79, 353
What are the prime factors of 592166?
2, 296083
List the prime factors of 486887.
23, 21169
What are the prime factors of 454001?
107, 4243
What are the prime factors of 36337425?
3, 5, 31, 15629
What are the prime factors of 12683717?
17, 746101
What are the prime factors of 1263689?
7, 23, 47, 167
What are the prime factors of 14715990?
2, 3, 5, 113, 1447
What are the prime factors of 22718742?
2, 3, 1237, 3061
List the prime factors of 9390912.
2, 3, 59, 829
List the prime factors of 553265.
5, 17, 23, 283
What are the prime factors of 1921577?
7, 211, 1301
What are the prime factors of 1026326?
2, 7, 73309
What are the prime factors of 118463?
118463
What are the prime factors of 172080?
2, 3, 5, 239
List the prime factors of 8518218.
2, 3, 191, 7433
List the prime factors of 206771.
17, 12163
What are the prime factors of 1788167?
53, 33739
List the prime factors of 909020.
2, 5, 7, 43, 151
What are the prime factors of 24754?
2, 12377
What are the prime factors of 164921?
83, 1987
List the prime factors of 1261406.
2, 41, 15383
What are the prime factors of 191397?
3, 63799
What are the prime factors of 9694812?
2, 3, 807901
List the prime factors of 369125.
5, 2953
What are the prime factors of 4283001?
3, 475889
What are the prime factors of 1803985?
5, 421, 857
List the prime factors of 2504690.
2, 5, 41, 149
What are the prime factors of 1199329?
1199329
List the prime factors of 328890.
2, 3, 5, 19, 577
What are the prime factors of 557066?
2, 71, 3923
List the prime factors of 576402.
2, 3, 17, 5651
List the prime factors of 8743100.
2, 5, 17, 37, 139
List the prime factors of 414522.
2, 3, 23029
List the prime factors of 107311.
239, 449
What are the prime factors of 865385?
5, 17, 10181
What are the prime factors of 2200358?
2, 1100179
What are the prime factors of 1079665?
5, 181, 1193
What are the prime factors of 200234?
2, 53, 1889
What are the prime factors of 2303479?
1279, 1801
List the prime factors of 960279.
3, 17, 19, 991
List the prime factors of 121128.
2, 3, 7, 103
What are the prime factors of 378946?
2, 189473
List the prime factors of 846102.
2, 3, 83, 1699
List the prime factors of 351533.
7, 13, 3863
What are the prime factors of 400840?
2, 5, 11, 911
What are the prime factors of 3920748?
2, 3, 13, 41, 613
What are the prime factors of 742864?
2, 29, 1601
What are the prime factors of 483512?
2, 19, 3181
What are the prime factors of 50635?
5, 13, 19, 41
What are the prime factors of 2129900?
2, 5, 19, 59
List the prime factors of 5661364.
2, 1415341
What are the prime factors of 2218?
2, 1109
List the prime factors of 45286.
2, 22643
What are the prime factors of 395951?
61, 6491
What are the prime factors of 5056438?
2, 263, 9613
What are the prime factors of 7165798?
2, 3582899
List the prime factors of 2502505.
5, 500501
List the prime factors of 55494.
2, 3, 3083
List the prime factors of 29915689.
2879, 10391
List the prime factors of 3687878.
2, 17, 79, 1373
What are the prime factors of 164898?
2, 3, 9161
What are the prime factors of 609496?
2, 47, 1621
List the prime factors of 611216.
2, 38201
What are the prime factors of 165640?
2, 5, 41, 101
List the prime factors of 604214.
2, 13, 17, 1367
List the prime factors of 689908.
2, 23, 7499
List the prime factors of 33234226.
2, 16617113
List the prime factors of 807139.
19, 23, 1847
List the prime factors of 428485.
5, 17, 71
What are the pr